*2 + c - 2. Calculate f(x).
-4
Let g(r) = -r**2 - 24*r + 147. Let s be g(5). Let w(i) = -6*i + 3. Determine w(s).
-9
Let v be 21/15 - (-2)/(-5). Let g be (-1)/1*(0 - v). Let a(m) be the third derivative of -m**4/4 - 5*m**2. Give a(g).
-6
Suppose 42*w - 1 = -85. Let m(p) = p**3 - p - 4. Determine m(w).
-10
Suppose -14 = -7*d - 0. Let a = 1 - -1. Let p(n) = -4*n - 2 - 4*n**a - 5*n**2 + 8*n**2 + 5*n. Calculate p(d).
-4
Let h(k) be the first derivative of k**2 + 5*k + 37. What is h(6)?
17
Suppose 4*r - 6 = 5*r. Let x be 448/(-77) + r/33. Let i(a) = -a**3 - 5*a**2 + 7*a + 7. Determine i(x).
1
Let i(m) = 2*m**3 - 6*m**2 - 6*m - 8. Let q be i(4). Let f(s) = s**3 - s**2 - s - 5. Determine f(q).
-5
Suppose 9*j - 17*j + 23*j = 0. Let y(q) be the second derivative of 7*q + 1/6*q**3 + j + 7/2*q**2. Calculate y(5).
12
Suppose k - 4*n = 2*k - 1, 5*k - 5*n + 45 = 0. Let j(f) = 5*f**2 - 9*f - 4. Let r(l) = -3*l**2 + 5*l + 2. Let v(q) = k*r(q) - 4*j(q). Determine v(0).
2
Let w(b) = -b**3 + 10*b**2 - 8*b - 9. Suppose 38*o + 4*q + 32 = 41*o, o - 14 = 3*q. Calculate w(o).
55
Let h be (0 + 0)*2/(-2). Let i(k) = 3*k**2 - 5*k + 10. Let c be i(4). Let z(q) = c*q - 15*q + 7 - 22*q. What is z(h)?
7
Let p(q) = 15 - 22 + 13 - 5*q. Let w(a) = -9*a + 12. Let r(y) = -5*p(y) + 3*w(y). What is r(4)?
-2
Let v(s) be the third derivative of s**5/60 + 5*s**4/24 - 7*s**3/6 - s**2. Let m = 520 + -526. Determine v(m).
-1
Let q(j) = 2*j - 1. Let b be ((-76)/(-10))/((-4)/(-10)). Suppose 10*m - b = 11*m. Let w = -13 - m. Determine q(w).
11
Let o(b) = b**2 - 10*b + 2. Let u be o(10). Let h = -13 - -20. Let g(i) = 8*i - 3 - i**u + h - 10. What is g(5)?
9
Let w = 892 + -885. Let b(j) = 5*j - 9. Determine b(w).
26
Let u(d) be the first derivative of d**3 - d**2/2 + 2*d + 44. Let b = 12 + -12. Suppose a + b*a = -2. Determine u(a).
16
Let f(t) = 5. Let m(u) = -u - 10. Let h(k) = -5*f(k) - 2*m(k). Let l = 76 + -82. Let n be (10/l)/((-40)/96). Give h(n).
3
Let k(d) = d**2 + 12*d - 25. Let c be k(-13). Let l(i) = -i - 9. What is l(c)?
3
Let o(g) = 3*g**3 + 7*g**2 - 10*g - 7. Let d(p) = -2*p**3 - 5*p**2 + 7*p + 5. Suppose -q + 7 = -2*q. Let r(h) = q*d(h) - 5*o(h). Give r(2).
-6
Let n(p) = p**3 - 6*p**2 - 8*p + 9. Let h be ((-5)/10)/((-2)/32). Let k(u) = -u**2 + 7*u + 13. Let f be k(h). Let r = 12 - f. Determine n(r).
2
Let z(l) = -5*l + 13. Let o(k) = k. Let x = -63 + 67. Let d(j) = x*o(j) + z(j). What is d(6)?
7
Let l(z) be the second derivative of -z**4/6 + z**2/2 - 6*z - 3. What is l(1)?
-1
Let a(h) = 15*h - 6. Let c(v) = -7*v + 3. Let y(l) = -l**3 + 4*l**2 + 2*l + 5. Let x be y(4). Let p(t) = x*c(t) + 6*a(t). Give p(0).
3
Suppose 23*v = 27*v. Let g(o) be the first derivative of -o**4/24 - 5*o**3/6 - 2*o**2 - 1. Let d(a) be the second derivative of g(a). Calculate d(v).
-5
Let k(j) = 6*j + 67*j**3 - 7*j**2 + 1 - 69*j**3 - 10*j. Calculate k(-4).
33
Let b(t) = -2*t - 8. Suppose 12*g + 24 = 13*g. Suppose 4*a + g = -4. Determine b(a).
6
Let x(m) = m**2 + 4*m + 7. Let j be x(-3). Suppose 5 = 3*u - j. Let n(l) = -2 - l + 3 - u - 4. Give n(-4).
-2
Let k(b) = -2 - 18*b - 17*b + 33*b. Determine k(6).
-14
Let o = -18 - -8. Let j = 7 + o. Let x(i) = -i + 1. Determine x(j).
4
Let t(n) = -7*n - 2*n**3 - 15*n**2 - 2 + n**3 + 13*n**2 + 3*n. Let o(i) = -1 - 9*i**3 - 1 - 3*i**2 + 8*i**3. Let q be o(-3). Calculate t(q).
6
Let y(m) be the first derivative of -3*m**4/2 + m**2/2 + 2. Let w be ((-2)/(-1) + -2)/2. Let p be w + (3 - 1)/2. Give y(p).
-5
Suppose -10*f + 98 - 48 = 0. Let t(m) = m**2 - 5*m + 6. Determine t(f).
6
Let z(t) be the second derivative of t**5/20 - t**4/3 + t**3/3 - t**2 - 3*t. Suppose -3*c = -q + 81, 5*q - 55 - 80 = 5*c. Let y = c + 30. Determine z(y).
-5
Let d(n) be the third derivative of -7 + 0*n - 1/24*n**4 + 1/6*n**3 + 5*n**2 - 1/15*n**6 + 1/60*n**5. Give d(1).
-7
Let k be (2 - 4) + -2 - -21. Let c(w) = 19 + k + 8*w - 29 + w**2. Give c(-6).
-5
Let v = 32 + -22. Let h(w) = w**3 + w**3 - w**3 + 16 - v + w. What is h(0)?
6
Let m(v) = -v**2 + 7*v - 3. Let g(a) = a**2 - a + 1. Let x(w) = -w**3 + 14*w**2 - 23*w + 14. Let d(q) = 3*g(q) - x(q). Let c be d(9). Calculate m(c).
-3
Let g = -165 + 170. Let a = -4 + 5. Let k(j) = 1 - a + 3*j - j**2 - 2. What is k(g)?
-12
Let l(v) = v**2 + 9*v + 1. Let n = 225 + -232. What is l(n)?
-13
Let c(f) = -11*f + 4*f + 2*f + 14*f - 1. Calculate c(1).
8
Suppose 2 = 4*h - 14, 5*h = -5*a + 60. Suppose -3*i + 5 = a. Let t(v) = 11*v**3 + v**2 - 1. Give t(i).
-11
Let k(j) = -j**3 + 6*j**2 + 3*j - 9. Let g be k(6). Suppose -4*i + 3 = -g. Let m(s) = -453*s**3 + s**2 - 27*s + 1 + 452*s**3 + 30*s. Calculate m(i).
-8
Let m(z) = 3*z**2 - 10*z + 6. Let h(b) = -7*b**2 + 20*b - 11. Let o(y) = 2*h(y) + 5*m(y). Suppose 0 = -5*r + x + 42, 3*r - 14 + 0 = -5*x. Give o(r).
-8
Let w be -25*-2*(-4)/(-8). Let i(p) = w + 3*p - 24 - 2*p. Let q(r) = r**2 - 5*r + 6. Let v be q(5). What is i(v)?
7
Suppose 5*x - 7 = -2*n + 2*x, -5*n = 2*x + 10. Let w be -9 + 45/(-10)*n/6. Let f(i) = i**3 + 4*i**2 - 9*i - 5. Determine f(w).
-23
Let z(b) = 4*b**3 - 6*b**2 + 2*b - 7. Let o(h) = -5*h**3 + 6*h**2 - 2*h + 8. Let i(g) = 3*o(g) + 4*z(g). What is i(6)?
8
Let j(o) = 2*o**2 + 33*o - 43. Let p be j(-18). Let a(n) = -n**3 + 10*n**2 + 10*n + 8. Give a(p).
-3
Suppose 3*h + 10 = 5*d - h, -3*h - 3 = -3*d. Let z(s) be the first derivative of -1/4*s**4 + 5/3*s**3 - 6*s - 4 + 3*s**2. What is z(d)?
-6
Let n(i) = -14*i. Let f(t) = 2*t + 5. Let d(p) = -p - 2. Let k(v) = 5*d(v) + 2*f(v). Let q(u) = -22*k(u) + 2*n(u). Calculate q(-2).
12
Let h(j) = -29*j**2 + 2*j - 3. Suppose -18*w - 2 = -19*w - g, -w - 4*g = -5. Determine h(w).
-30
Suppose -5*u + d = -d + 30, 0 = -2*u - 4*d - 12. Let k(i) be the third derivative of i**5/60 + 3*i**4/8 + 5*i**3/6 - 1393*i**2. Give k(u).
-13
Suppose 0*q - 3*q = -84. Suppose -q*a + 25*a = 0. Let k(h) = h**2 - h - 10. What is k(a)?
-10
Let v(o) be the first derivative of -8*o**2 + o + 10. Give v(3).
-47
Let m(o) = -4*o + 3*o - 3*o - 133 + 135 - o**2 + o. Let q be 6/2*(-5)/3. What is m(q)?
-8
Let c(h) = 19*h**2 + 2*h - 1. Let v = 811 - 810. Give c(v).
20
Let i = -91 - -89. Let f(a) = -a**2 - 2. Let l be f(i). Let w(o) = o**3 + 5*o**2 - 6*o + 3. Give w(l).
3
Let n(c) be the second derivative of -c**4/4 - c**3/6 - c**2/2 + 11*c. Let s = -16 - -14. Calculate n(s).
-11
Let a be (1 + -2)*-3*2. Suppose -3*h + 0*h = -a. Let w(x) = -2 + 0 + 3*x**2 - 6*x - h*x**2. What is w(5)?
-7
Let m be (-23)/(-7) + -3 - 363/(-77). Let x(t) = 4*t**2 - 2*t - 5. Let d(q) = 3*q**2 - q - 4. Let n(o) = 5*d(o) - 4*x(o). Give n(m).
-10
Let v(z) = -20*z**2 + 2*z - 12. Let g(h) = 7*h**2 - h + 4. Let s be 5/(10/(-12)) - 0. Let d(w) = s*v(w) - 17*g(w). Let l be (-52)/(-65)*30/(-4). Determine d(l).
10
Suppose 5*q - 40 + 10 = -3*o, 4*q + 4*o = 32. Let h be (-2)/q - (-65)/39. Let t be -2 + 6 + (-8)/h. Let a(r) = r**2 + 5*r - 5. Calculate a(t).
-9
Let w(f) = 9*f. Let s be w(2). Let d(p) = s*p - 3 - 16*p - 2 - 6*p. Determine d(-6).
19
Let n(l) = 9*l**2 + 4 - 6*l**2 - l**3 - 5*l + 2*l**2. Let w be n(2). Let j(q) = -q**2 + 6*q + 2. Give j(w).
2
Let c(b) be the third derivative of -b**4/12 - 95*b**2. What is c(2)?
-4
Let o be (-225)/(-45) - (0 + -2 + 2). Let h(j) = 2*j**2 - 8*j + 3. Give h(o).
13
Let p(q) = q**2 - 12*q + 11. Let g(d) = -2*d**2 + 15*d - 12. Let m(o) = 6*g(o) + 7*p(o). Calculate m(-1).
-6
Let s(u) be the third derivative of -u**4/12 - 2*u**3/3 + 123*u**2. Give s(-10).
16
Let t = -5 - -14. Let g(a) = -5*a**2 + a**3 + t*a - 22*a + 4*a + 2*a + 9. Let c be 1/(26/12 - 2). Determine g(c).
3
Let h(v) = -v**2 + 41. Let w be h(6). Let q(n) = n**3 - 6*n**2 + 4*n + 6. Calculate q(w).
1
Let l(s) = 2*s - 6*s**2 + 13 - 9 - 4*s**3 + 5*s**3. Let m be (-10)/(-2) + (0 - 2). Let o be (-2)/m*15/(-2). What is l(o)?
-11
Let y be ((-48)/40)/((-6)/40). Let h be ((-4)/(-5))/(y/(-20)). Let w(v) be the second derivative of -v**4/6 + v**3/3 + 3*v**2/2 - 4*v. Calculate w(h).
-9
Suppose -3*i - 3*w = -3, 3 = 3*i + 2*w - 1. Let r(b) = -i*b**2 - 5 - 11*b + 7*b + 5. Give r(-3).
-6
Let f(o) = -6*o**3 - 1. Let k be (-34)/(-9) + 1 + 2/9. Suppose 2*q + k*i = -12, 7 = q - 0*q - 4*i. What is f(q)?
5
Let q(y) = -y**3 + 4*y**2 + 2. Let k(i) = i**3 - 5*i**2 - 2. Let j(a) = 6*k(a) + 5*q(a). Let u be j(10). Let p(g) = 2*g**3 - 2*g - 3. Determine p(u).
